of 1049586?
2, 3, 174931
List the prime factors of 5218339.
7, 745477
What are the prime factors of 6062557?
17, 356621
List the prime factors of 521048.
2, 11, 31, 191
What are the prime factors of 575797?
47, 12251
What are the prime factors of 61774?
2, 67, 461
What are the prime factors of 1022195?
5, 204439
What are the prime factors of 1650568?
2, 19, 10859
List the prime factors of 1038670.
2, 5, 103867
List the prime factors of 9234850.
2, 5, 191, 967
List the prime factors of 218160.
2, 3, 5, 101
What are the prime factors of 957574?
2, 478787
What are the prime factors of 3442884?
2, 3, 113, 2539
List the prime factors of 158244.
2, 3, 13187
List the prime factors of 4555787.
83, 131, 419
List the prime factors of 2166323.
19, 113, 1009
What are the prime factors of 1176947?
1176947
List the prime factors of 2688051.
3, 331, 2707
List the prime factors of 2762592.
2, 3, 7, 4111
List the prime factors of 26402307.
3, 109, 263, 307
What are the prime factors of 3842854?
2, 1921427
List the prime factors of 2003684.
2, 500921
List the prime factors of 888874.
2, 7, 173, 367
What are the prime factors of 27742036?
2, 7, 59, 2399
What are the prime factors of 30082864?
2, 7, 38371
List the prime factors of 11613323.
11613323
List the prime factors of 1048611.
3, 17, 29, 709
What are the prime factors of 177139?
307, 577
List the prime factors of 839270.
2, 5, 23, 41, 89
List the prime factors of 9779690.
2, 5, 173, 5653
What are the prime factors of 985285?
5, 7, 28151
List the prime factors of 327536.
2, 11, 1861
List the prime factors of 6078856.
2, 7, 73, 1487
What are the prime factors of 262907?
283, 929
What are the prime factors of 21426977?
11, 13, 149839
List the prime factors of 10096813.
10096813
List the prime factors of 2420667.
3, 101, 2663
List the prime factors of 2152238.
2, 11, 97829
List the prime factors of 3424736.
2, 7, 15289
List the prime factors of 300373.
17, 17669
What are the prime factors of 2746704?
2, 3, 57223
What are the prime factors of 231419?
231419
List the prime factors of 3525.
3, 5, 47
What are the prime factors of 436341?
3, 37, 3931
List the prime factors of 472824.
2, 3, 11, 199
List the prime factors of 4969477.
4969477
List the prime factors of 2597967.
3, 96221
List the prime factors of 3319211.
7, 9677
What are the prime factors of 9981109?
71, 257, 547
What are the prime factors of 3640182?
2, 3, 7, 13, 59, 113
What are the prime factors of 319372?
2, 79843
What are the prime factors of 9920?
2, 5, 31
List the prime factors of 58079.
7, 8297
What are the prime factors of 7211527?
7211527
List the prime factors of 48366.
2, 3, 2687
What are the prime factors of 125235?
3, 5, 11, 23
List the prime factors of 13352507.
7, 1907501
What are the prime factors of 444581?
19, 23399
List the prime factors of 8451997.
443, 19079
What are the prime factors of 3398321?
19, 178859
What are the prime factors of 887850?
2, 3, 5, 1973
What are the prime factors of 752272?
2, 47017
List the prime factors of 11007716.
2, 163, 16883
What are the prime factors of 304371?
3, 11273
What are the prime factors of 179441?
179441
List the prime factors of 21724182.
2, 3, 19, 63521
List the prime factors of 460590.
2, 3, 5, 13, 1181
List the prime factors of 163333.
233, 701
List the prime factors of 661281.
3, 53, 4159
What are the prime factors of 21100436?
2, 7, 753587
What are the prime factors of 2119050?
2, 3, 5, 17, 277
List the prime factors of 1361403.
3, 331, 457
List the prime factors of 175276.
2, 29, 1511
What are the prime factors of 300247?
300247
List the prime factors of 6279564.
2, 3, 523297
What are the prime factors of 47819?
47819
What are the prime factors of 2426861?
397, 6113
What are the prime factors of 6260977?
31, 139, 1453
List the prime factors of 399100.
2, 5, 13, 307
What are the prime factors of 1044215?
5, 208843
What are the prime factors of 435503?
435503
List the prime factors of 73302.
2, 3, 19, 643
List the prime factors of 981089.
41, 23929
What are the prime factors of 468551?
468551
List the prime factors of 218101.
13, 19, 883
What are the prime factors of 193372?
2, 29, 1667
List the prime factors of 186902.
2, 113, 827
What are the prime factors of 286778?
2, 223, 643
List the prime factors of 764827.
7, 37, 2953
List the prime factors of 6425321.
7, 131129
What are the prime factors of 9311351?
7, 797, 1669
What are the prime factors of 118453?
118453
List the prime factors of 2353370.
2, 5, 235337
List the prime factors of 1687682.
2, 843841
What are the prime factors of 272896?
2, 13, 41
What are the prime factors of 4320318?
2, 3, 720053
List the prime factors of 6782286.
2, 3, 7, 17, 23, 59
What are the prime factors of 17962210?
2, 5, 7, 256603
What are the prime factors of 5966078?
2, 43, 173, 401
What are the prime factors of 2653781?
13, 204137
What are the prime factors of 613054?
2, 13, 17, 19, 73
What are the prime factors of 4464142?
2, 2232071
List the prime factors of 2516435.
5, 503287
List the prime factors of 1563782.
2, 11, 71081
List the prime factors of 3442357.
3442357
What are the prime factors of 651123?
3, 11, 6577
List the prime factors of 427103.
427103
List the prime factors of 3658356.
2, 3, 13, 7817
List the prime factors of 5088342.
2, 3, 7, 121151
List the prime factors of 2495875.
5, 41, 487
What are the prime factors of 305279?
13, 23, 1021
List the prime factors of 92427.
3, 30809
What are the prime factors of 1363323?
3, 13, 2689
List the prime factors of 11318379.
3, 17, 31, 7159
What are the prime factors of 20314806?
2, 3, 107, 31643
What are the prime factors of 3097640?
2, 5, 7, 13, 23, 37
List the prime factors of 581969.
23, 25303
List the prime factors of 1632415.
5, 41, 7963
List the prime factors of 4874379.
3, 79, 131, 157
What are the prime factors of 185449?
11, 23, 733
List the prime factors of 117542.
2, 58771
List the prime factors of 77932.
2, 19483
What are the prime factors of 239445?
3, 5, 17, 313
What are the prime factors of 13645013?
13645013
List the prime factors of 64878.
2, 3, 11, 983
List the prime factors of 115069.
23, 5003
List the prime factors of 6243027.
3, 7, 271, 1097
List the prime factors of 173788.
2, 23, 1889
List the prime factors of 1548336.
2, 3, 32257
List the prime factors of 162468.
2, 3, 4513
List the prime factors of 139722.
2, 3, 11, 29, 73
List the prime factors of 2285098.
2, 1142549
What are the prime factors of 121787?
121787
List the prime factors of 12704196.
2, 3, 1058683
What are the prime factors of 21212542?
2, 13, 97, 647
List the prime factors of 5945699.
17, 53, 6599
What are the prime factors of 6059500?
2, 5, 12119
What are the prime factors of 859644?
2, 3, 23879
What are the prime factors of 1503950?
2, 5, 7, 4297
List the prime factors of 6635.
5, 1327
List the prime factors of 19144.
2, 2393
What are the prime factors of 572733?
3, 7, 9091
What are the prime factors of 56310?
2, 3, 5, 1877
What are the prime factors of 8241792?
2, 3, 13, 127
What are the prime factors of 1632759?
3, 167, 3259
What are the prime factors of 1743313?
11, 13, 73, 167
What are the prime factors of 570859?
570859
What are the prime factors of 7473426?
2, 3, 953, 1307
What are the prime factors of 12997194?
2, 3, 7, 309457
List the prime factors of 248794.
2, 7, 13, 1367
List the prime factors of 4252248.
2, 3, 7, 11, 13, 59
List the prime factors of 6379081.
6379081
What are the prime factors of 20150573?
20150573
What are the prime factors of 13137264?
2, 3, 7, 13033
What are the prime factors of 4837280?
2, 5, 7, 617
What are the prime factors of 6549951?
3, 101, 21617
List the prime factors of 333968.
2, 20873
What are the prime factors of 199964?
2, 49991
List the prime factors of 5784450.
2, 3, 5, 7, 787
List the prime factors of 12691430.
2, 5, 19, 66797
What are the prime factors of 306408?
2, 3, 17, 751
What are the prime factors of 268961?
7, 11, 499
What are the prime factors of 302348?
2, 131, 577
What are the prime factors of 1440148?
2, 360037
What are the prime factors of 290206?
2, 7, 19, 1091
List the prime factors of 577035.
3, 5, 12823
What are the prime factors of 6374583?
3, 708287
List the prime factors of 141862.
2, 7, 10133
What are the prime factors of 1357466?
2, 1